mon divisor of 107187158 and 26.
26
What is the highest common factor of 8031504 and 12?
12
Calculate the highest common divisor of 1110121 and 55175.
2207
What is the highest common factor of 8517389 and 11125?
89
Calculate the highest common factor of 7 and 5571650.
7
Calculate the greatest common factor of 2441 and 4679.
1
Calculate the greatest common divisor of 496 and 3942332.
124
Calculate the greatest common factor of 134 and 46908107.
67
Calculate the highest common divisor of 1323633546 and 36.
18
Calculate the highest common factor of 4331420 and 14600.
20
What is the greatest common factor of 3605 and 8899715?
515
Calculate the highest common divisor of 429568 and 39424.
512
Calculate the highest common factor of 47355 and 488433.
1353
What is the highest common divisor of 11081412 and 516?
12
What is the highest common divisor of 90250 and 137000?
250
Calculate the highest common factor of 368756532 and 186.
186
Calculate the highest common factor of 19693260 and 120.
60
Calculate the highest common divisor of 134441070 and 120.
30
Calculate the greatest common divisor of 91875 and 11841585.
735
What is the greatest common divisor of 221 and 5331911?
13
What is the highest common divisor of 1080495 and 117?
117
Calculate the greatest common factor of 156869 and 26526091.
1523
What is the highest common factor of 930 and 449430?
30
What is the highest common divisor of 219252 and 516549?
363
What is the highest common divisor of 208 and 1285227632?
208
Calculate the greatest common factor of 87360 and 28896.
672
Calculate the greatest common factor of 5106 and 4581266.
74
Calculate the highest common factor of 51 and 33743079.
51
What is the greatest common factor of 5190795 and 24831?
279
What is the highest common factor of 2682 and 21263194?
298
What is the highest common factor of 84 and 29364272?
28
What is the greatest common divisor of 10230 and 570555?
465
What is the greatest common factor of 1194 and 2420039?
199
Calculate the greatest common factor of 220512 and 14736.
48
Calculate the greatest common factor of 149184 and 75369.
777
Calculate the greatest common divisor of 94935 and 105.
15
Calculate the highest common divisor of 136815 and 26985.
105
Calculate the highest common factor of 41499540 and 25.
5
What is the greatest common divisor of 673846 and 833?
17
What is the highest common divisor of 816126750 and 60?
30
Calculate the greatest common divisor of 2220 and 23133732.
444
Calculate the highest common factor of 986 and 2620858006.
986
Calculate the greatest common divisor of 99961761 and 6.
3
What is the highest common factor of 489630 and 456?
114
What is the greatest common divisor of 482805 and 75?
15
What is the greatest common divisor of 5098016 and 6160?
1232
Calculate the highest common divisor of 1054422 and 1602.
18
Calculate the greatest common divisor of 5100 and 2970580.
340
Calculate the highest common factor of 1262209 and 4104269.
8359
What is the highest common factor of 490 and 5370525?
5
Calculate the greatest common factor of 686329 and 189.
7
What is the highest common factor of 55811894 and 70084?
5006
What is the highest common factor of 6970 and 15360486?
1394
What is the highest common divisor of 93103596 and 6129?
2043
What is the highest common divisor of 27244 and 268818494?
1946
Calculate the greatest common factor of 74775 and 33225.
75
Calculate the highest common divisor of 19712 and 52841216.
256
Calculate the greatest common factor of 673565 and 80785.
535
What is the greatest common divisor of 542320 and 232?
8
Calculate the greatest common factor of 354915 and 89625.
3585
What is the highest common divisor of 580120697 and 299?
299
What is the greatest common divisor of 973 and 35973?
7
Calculate the greatest common factor of 39026 and 1082848.
494
What is the highest common divisor of 7070626 and 14726?
74
Calculate the greatest common divisor of 397024 and 356896.
608
What is the greatest common factor of 326768 and 1079?
13
What is the highest common factor of 81 and 28057662?
9
Calculate the greatest common divisor of 1690 and 179838815.
845
Calculate the highest common divisor of 689454 and 450.
18
What is the highest common divisor of 5090 and 5956318?
1018
What is the greatest common divisor of 16200 and 4958820?
1620
What is the highest common divisor of 206848 and 43504?
16
What is the greatest common factor of 5415649 and 717875?
5743
What is the greatest common factor of 149036382 and 165?
33
What is the highest common divisor of 1336834 and 2?
2
What is the greatest common factor of 295203714 and 9510?
1902
What is the greatest common factor of 4598474 and 7864?
1966
What is the highest common divisor of 89472 and 24949640?
1864
What is the greatest common divisor of 175369 and 8419946?
1117
Calculate the highest common divisor of 51438260 and 272.
68
What is the highest common factor of 108 and 4904352?
36
Calculate the highest common factor of 14960696 and 72.
8
Calculate the greatest common divisor of 570 and 128839190.
190
What is the highest common divisor of 198348192 and 6720?
672
Calculate the greatest common divisor of 728565 and 10.
5
Calculate the highest common divisor of 4396 and 10798774.
2198
What is the greatest common divisor of 1663 and 96763318?
1663
What is the greatest common factor of 6557 and 158948?
79
Calculate the highest common divisor of 8621981 and 790.
79
What is the greatest common divisor of 4706194 and 21122?
118
Calculate the greatest common factor of 23883495 and 177.
177
Calculate the highest common factor of 7742 and 14455.
49
Calculate the greatest common divisor of 10 and 963900590.
10
Calculate the greatest common factor of 5563096 and 159236.
3388
Calculate the highest common factor of 2199 and 6659305.
733
What is the greatest common divisor of 336 and 83184906?
42
What is the highest common divisor of 24373086 and 24?
6
Calculate the highest common divisor of 3208836 and 612.
12
Calculate the highest common divisor of 1974027 and 354937.
451
What is the highest common divisor of 450316 and 9167?
103
What is the greatest common factor of 324 and 5515428?
12
What is the highest common factor of 473 and 3545003?
11
Calculate the highest common factor of 244 and 505460.
4
Calculate the highest common factor of 4690660 and 100.
20
What is the highest common divisor of 13794891 and 231?
33
Calculate the highest common divisor of 10699126 and 1506.
502
Calculate the highest common divisor of 459291 and 51324.
21
What is the greatest common divisor of 1086054 and 5766?
186
Calculate the greatest common divisor of 14875 and 1673.
7
Calculate the greatest common divisor of 39696700 and 10.
10
What is the highest common factor of 10132 and 180302?
34
What is the highest common factor of 530317 and 8773?
31
What is the greatest common divisor of 641 and 159998087?
641
What is the highest common factor of 3055 and 14164155?
235
Calculate the highest common factor of 41426388 and 324.
36
Calculate the highest common divisor of 64973716 and 3704.
1852
Calculate the greatest common factor of 8208 and 337050576.
2736
Calculate the highest common divisor of 8168971 and 925.
37
What is the greatest common factor of 68 and 292249924?
68
Calculate the highest common factor of 303090 and 290.
10
Calculate the greatest common divisor of 132044 and 1535996.
44
What is the highest common divisor of 108 and 10573632?
108
What is the highest common divisor of 113816 and 8534232?
328
Calculate the highest common factor of 512928 and 348.
12
Calculate the highest common factor of 7975915 and 2242.
1121
What is the highest common factor of 15878 and 4586874?
934
Calculate the greatest common divisor of 868 and 392686.
14
Calculate the greatest common factor of 10600 and 234180.
20
Calculate the highest common factor of 78184260 and 70.
70
What is the highest common divisor of 80880 and 6990?
30
Calculate the highest common divisor of 72064 and 100777.
563
What is the greatest common factor of 1110 and 16473732?
222
Calculate the highest common divisor of 2138872 and 1088.
136
What is the highest common divisor of 1911539 and 735?
49
Calculate the greatest common factor of 183510 and 3582.
18
What is the greatest common divisor of 15816 and 1447